= 2424*h - 121189. Determine c(50).
11
Let b(g) = -g**3 - 2*g - 117. Give b(-5).
18
Let d(g) = -g**2 + 18*g + 10. What is d(5)?
75
Let u(s) = s**3 + 115*s**2 - 238*s - 503. What is u(-117)?
-35
Let c(j) = -5*j**3 - 22*j**2 + 8*j + 41. Calculate c(-5).
76
Let t(r) = 3*r**2 + 30*r + 65. What is t(-8)?
17
Let m(h) = 24*h + 87. Give m(0).
87
Let s(c) = -2*c**3 + 47*c**2 + 32*c - 191. Calculate s(24).
1
Let r(x) = -2109*x + 10553. What is r(5)?
8
Let l(o) = o**3 + 10*o**2 + 24*o - 17. Calculate l(-9).
-152
Let m(g) = 4*g**3 + 261*g**2 - 196*g + 274. Calculate m(-66).
142
Let w(f) = f**3 + 236*f**2 + 600*f - 23067. Determine w(-233).
0
Let l(g) = 5*g - 654. What is l(-16)?
-734
Let a(h) = -82*h**3 + 10*h**2 + 17*h. Give a(-2).
662
Let c(p) = -p**3 - 34*p**2 - 91*p + 33. Calculate c(-31).
-29
Let o(n) = 56*n + 137. What is o(-5)?
-143
Let u(l) = 3150*l - 34656. What is u(11)?
-6
Let d(v) = -v**3 + 10*v**2 - 21*v + 41. Calculate d(8).
1
Let a(n) = 2*n**3 - 30*n**2 + 109*n + 12. Determine a(7).
-9
Let u(g) = g**2 - 7*g + 40. Determine u(8).
48
Let r(w) = -w + 43. What is r(43)?
0
Let x(u) = -u**3 - 17*u**2 - 37*u - 95. Calculate x(-15).
10
Let x(b) = b**3 - 21*b**2 - 134*b + 1622. Determine x(7).
-2
Let g(n) = -n**3 + 6*n**2 - n - 3. Give g(-6).
435
Let k(q) = q**3 + 16*q**2 - 364*q - 164. Calculate k(13).
5
Let o(u) = 1392*u + 8304. Give o(-6).
-48
Let y(p) = 4*p - 69. Determine y(11).
-25
Let y(d) = -d**2 + 2*d + 164. Give y(-17).
-159
Let h(r) = -683*r + 643. What is h(1)?
-40
Let o(z) = -661*z**2 + 19830*z + 2. What is o(30)?
2
Let a(n) = -n**2 + 61*n + 124. Calculate a(63).
-2
Let h(n) = n**2 + 10*n - 43. Give h(-10).
-43
Let a(f) = -f**2 - 111*f - 1755. Calculate a(-92).
-7
Let x(i) = -149*i**2 + 442*i + 6. Determine x(3).
-9
Let r(g) = -76*g - 876. Calculate r(-10).
-116
Let c(d) = -47*d**2 + 519*d - 10. Calculate c(11).
12
Let w(l) = -l**2 + 15*l + 307. Determine w(-11).
21
Let v(w) = -w**3 + 5*w - 12. Determine v(-7).
296
Let z(q) = 3610*q - 21689. Calculate z(6).
-29
Let w(p) = -3*p**2 - 71*p - 347. Determine w(-7).
3
Let r(c) = 4*c**3 - 10*c**2 - c + 2. What is r(2)?
-8
Let v(r) = -2*r**3 - 39*r**2 - 22*r + 25. What is v(-19)?
82
Let b(h) = -2*h**3 + 7*h**2 + 30*h + 8. Give b(-2).
-8
Let x(r) = r**3 + 14*r**2 - 62*r + 39. What is x(3)?
6
Let x(n) = 16*n - 232. Calculate x(12).
-40
Let q(h) = -h**3 + 11*h**2 - 5*h + 39. Calculate q(11).
-16
Let j(o) = -8*o**3 + 2*o**2 - o - 2. Calculate j(-2).
72
Let j(w) = 2*w**3 - 78*w**2 + 8*w - 317. Give j(39).
-5
Let o(j) = -201*j + 4628. Give o(23).
5
Let j(u) = -9*u**2 + 358*u + 1164. Determine j(-3).
9
Let z(m) = 3*m**3 - 368*m**2 + 241*m + 181. Give z(122).
-185
Let q(a) = 52677*a - 316065. What is q(6)?
-3
Let b(z) = -381*z + 4186. Calculate b(11).
-5
Let g(w) = 405*w + 11353. What is g(-28)?
13
Let c(r) = r**3 + 10*r**2 - 34*r + 70. Give c(-13).
5
Let d(k) = -k**3 + 16*k**2 - 202*k + 955. Give d(6).
103
Let k(a) = 113*a + 11295. Calculate k(-100).
-5
Let w(b) = 16*b**3 + 33*b**2 + 11*b + 17. Determine w(-2).
-1
Let i(u) = 2*u**2 + 56*u + 158. What is i(-3)?
8
Let h(i) = 93*i + 1124. Give h(-12).
8
Let l(g) = -g**3 + 6*g**2 - 16*g + 18. Give l(2).
2
Let n(g) = 6*g + 257. Determine n(-35).
47
Let n(w) = 7*w**2 + 71*w + 78. Give n(-9).
6
Let j(w) = -w**2 - 47*w + 709. Give j(12).
1
Let z(u) = -u**2 + 13*u + 117. Calculate z(20).
-23
Let g(s) = -s**3 - 68*s**2 + 139*s - 63. Give g(-70).
7
Let h(u) = -12*u**2 + 8*u + 6. Give h(-1).
-14
Let f(i) = -i**2 + 56*i - 187. Calculate f(52).
21
Let t(j) = 53*j - 1241. Determine t(23).
-22
Let j(h) = 426*h + 13678. What is j(-32)?
46
Let b(n) = -n**3 + 133*n**2 + 551*n - 432. Give b(137).
-21
Let x(h) = h**2 + 20*h - 2809. What is x(44)?
7
Let u(g) = g**3 - 68*g**2 + 580*g - 4. Determine u(58).
-4
Let j(p) = p**2 + 9*p - 59. Give j(4).
-7
Let v(n) = -19*n - 746. What is v(-24)?
-290
Let y(z) = -z**3 - 28*z**2 - 7*z - 30. What is y(-28)?
166
Let y(w) = -106*w - 2217. Give y(-21).
9
Let a(u) = -47*u + 6137. Give a(131).
-20
Let u(a) = -a**3 - 30*a**2 - 191*a - 39. Calculate u(-21).
3
Let t(g) = g**3 + 85*g**2 + 398*g - 135. What is t(-80)?
25
Let y(q) = -2*q**3 + 14*q**2 - q + 29. Calculate y(7).
22
Let t(c) = -601*c - 495. Calculate t(-1).
106
Let r(t) = 9*t**2 + 122*t - 19. Calculate r(-11).
-272
Let z(c) = 221*c**2 + 7*c - 7. Determine z(1).
221
Let g(c) = -6*c**3 + 47*c**2 - 2*c + 19. Calculate g(7).
250
Let k(q) = 13*q**3 + 2*q**2 + q. What is k(-1)?
-12
Let g(i) = -45*i + 1560. What is g(35)?
-15
Let a(b) = b**2 - 48. Calculate a(8).
16
Let y(z) = -z**2 + 888*z - 48. Calculate y(0).
-48
Let f(l) = -3*l**3 + 376*l**2 + 245*l + 210. What is f(126)?
-672
Let y(m) = -1423*m - 7110. Determine y(-5).
5
Let s(b) = -25*b - 1209. What is s(-54)?
141
Let h(m) = 6*m**2 - 51*m + 217. Determine h(6).
127
Let g(r) = -r**3 + 4*r**2 + 103*r + 9. Calculate g(-8).
-47
Let k(x) = -182*x + 7819. Determine k(43).
-7
Let n(q) = q + 1. Calculate n(11).
12
Let s(z) = -34*z - 1298. Calculate s(-60).
742
Let r(s) = s - 74. Calculate r(-16).
-90
Let a(f) = -65*f - 93. Give a(-2).
37
Let l(j) = 402*j + 4086. Give l(-10).
66
Let q(x) = x**2 + 67*x + 975. What is q(-20)?
35
Let p(b) = 15*b - 70. Calculate p(9).
65
Let c(s) = -15*s + 281. What is c(28)?
-139
Let d(m) = -47*m + 1636. Calculate d(35).
-9
Let b(j) = j**2 - 376*j + 9743. What is b(28)?
-1
Let k(b) = -38*b + 835. Determine k(22).
-1
Let y(d) = -d**2 + 63*d - 70. Give y(0).
-70
Let z(l) = -3*l + 169. What is z(9)?
142
Let t(i) = 2*i**2 + 25*i + 66. Calculate t(-6).
-12
Let f(t) = -16*t - 279. What is f(-21)?
57
Let q(p) = 205*p - 1468. Determine q(8).
172
Let y(p) = p**3 - 14*p**2 - 99*p + 77. Determine y(19).
1
Let d(a) = 3*a**3 - a**2 - 61*a - 59. Give d(-1).
-2
Let g(y) = 16*y + 1851. What is g(-92)?
379
Let h(j) = -j**3 - 8*j**2 + 47*j + 218. What is h(-5)?
-92
Let f(u) = -3*u**2 + 45*u - 14. Give f(15).
-14
Let q(i) = 7*i - 50. Give q(6).
-8
Let l(r) = 123*r - 2575. Calculate l(21).
8
Let d(v) = -359*v + 64624. Determine d(180).
4
Let p(a) = 2*a**3 - 8*a**2 - 19*a + 47. Calculate p(5).
2
Let f(a) = -10*a**3 + 283*a**2 - 80*a + 13. Determine f(28).
125
Let m(j) = 50*j + 69. What is m(-6)?
-231
Let y(u) = -u**2 - 31*u - 31. Calculate y(-29).
27
Let g(a) = 130*a + 2482. Calculate g(-20).
-118
Let y(u) = u**3 + 11*u**2 - 87*u - 964. Determine y(-11).
-7
Let r(w) = 515*w - 8248. Calculate r(16).
-8
Let r(d) = -529*d + 3698. Calculate r(7).
-5
Let r(a) = 2*a**3 - 22*a**2 + 18*a - 1. Determine r(10).
-21
Let r(x) = -x**3 - 152*x**2 + 154*x + 155. Determine r(-153).
2
Let l(v) = 6*v + 377. Calculate l(-62).
5
Let r(y) = -2*y**3 + 2*y**2 - 11*y - 6. What is r(4)?
-146
Let q(b) = -b**3 - 41*b**2 - 75*b + 102. Determine q(-39).
-15
Let w(g) = -g**2 - 20*g - 30. What is w(-13)?
61
Let c(f) = f**2 + 111*f + 918. Calculate c(-9).
0
Let w(a) = -23*a**2 + 24*a + 17. Give w(3).
-118
Let k(n) = n**2 + 5*n - 57. Give k(6).
9
Let t(i) = 127*i - 382. What is t(3)?
-1
Let y(b) = b**2 - 3238*b - 29228. What is y(-9)?
-5
Let w(t) = -14*t**2 - 30*t + 101. Calculate w(2).
-15
Let l(u) = -u**2 - 108*u + 1057. What is l(9)?
4
Let t(w) = 39*w - 746. What is t(18)?
-44
Let c(j) = -j**3 + 147*j**2 + 166*j - 2547. Calculate c(148).
117
Let m(w) = -512*w - 1519. What is m(-3)?
17
Let k(n) = -7*n**2 + 53*n - 112. Calculate k(2).
-34
Let w(k) = 160*k**2 + k + 2. Calculate w(-1).
161
Let d(f) = f**3 + 3*f**2 - 15*f - 67. Calculate d(-4).
-23
Let q(x) = 4*x**3 - 28*x**2 + 42*x - 8. What is q(6)?
100
Let l(b) = 2*b**3 - 60*b**2 + 96*b + 452. What is l(28)?
4
Let w(d) = -100*d + 22605. Give w(226).
5
Let c(k) = 3*k + 13. Calculate c(-4).
1
Let m(x) = 49*x**2 + 141*x - 1. Calculate m(-3).
17
Let t(o) = 611*o - 10369. Calculate t(17).
18
Let l(b) = 376*b + 3387. Calculate l(-9).
3
Let d(h) = h**2 + 121*h + 1122. Determine d(-111).
12
Let u(d) = 6*d**2 - 22*d + 78. Give u(7).
218
Let o(v) = -42*v - 6081. Calculate o(-145).
9
Let m(b) = -b**2 - 13*b + 117. What is m(-19)?
3
Let a(t) = -2*t**3 - 407*t**2 - 1403*t - 602. What is a(-200)?
-2
Let g(s) = s**3 + 135*s**2 + 259*s - 1016. Calculate g(-133).
-85
Let j(r) = r**2 + 30*r + 166. What is j(-17)?
-55
Let h(q) = 85*q + 224. Calculate h(-4).
-116
Let a(s) = -56*s - 5544. Calculate a(-99).
0
Let z(g) = g**2 - 33